factor of t and 90.
30
Let w be (-76)/(-7) - (-3)/21. Suppose -3*c + 39 = -27. What is the greatest common factor of w and c?
11
Suppose -w + 28 = 2*i - 4*w, 5*w = -5*i + 70. Let a = 116 + -109. What is the greatest common divisor of a and i?
7
Suppose 3*z = 3*l + 66, -l = -3 - 1. What is the greatest common divisor of z and 39?
13
Let r(j) = 2*j**2 - j - 1. Let v be r(-1). Suppose 2*p - y - 18 = 0, v*y - 4 = -0. What is the greatest common divisor of p and 80?
10
Let b be (-1 + -1)/(4/6). Let q be 8*1/b*-3. What is the highest common factor of q and 24?
8
Let y(o) = o**3 + 2*o**2 - o. Let b be y(-4). Let s = -15 - b. Calculate the greatest common divisor of 130 and s.
13
Let j(s) = -23*s**3 - 2*s**2 - 2*s - 1. Suppose -2*u = w + 7, 4*w + 16 = 3*u - 1. Let x be j(u). Calculate the greatest common factor of 2 and x.
2
Suppose p - 2 + 18 = 4*c, 3*c - 2*p = 12. What is the highest common divisor of c and 4?
4
Let q = -177 + 277. What is the highest common divisor of 10 and q?
10
Suppose 6 = -2*n + 5*n. Let w be 68/18 - n/(-9). What is the highest common divisor of 28 and w?
4
Let v(w) = -w + 13. Let n be v(9). Let r be n/(-2*(-2)/36). Calculate the highest common factor of r and 12.
12
Suppose -5*v - 6 - 4 = 0, v + 74 = 3*u. Calculate the greatest common divisor of 16 and u.
8
Suppose 3*m - 2 - 4 = 0, 350 = 5*t - 5*m. What is the highest common divisor of 9 and t?
9
Let i(z) = z**2 - 2*z + 1. Let q(f) = f**2 + 4*f + 3. Let h be q(-4). Let d be i(h). Calculate the highest common factor of d and 2.
2
Suppose -4*s = -2*s - 96. Calculate the highest common divisor of s and 36.
12
Let d be (-2 - -7)*(-2)/(-2). Let z be -1*(-4)/((-4)/(-15)). Let r = z - -10. Calculate the highest common factor of d and r.
5
Let r be 83/2 + (-2)/(-4). Suppose 2*u + 5*f - 28 = 0, 3*u - u = 4*f + 64. Suppose -4*t = -8*t + u. Calculate the greatest common factor of t and r.
6
Suppose 0 = -2*u + 5*u. Suppose 30 = 5*p - u*p. Calculate the highest common divisor of 2 and p.
2
Suppose 0 = 2*a - 5*c - 20, 52 = 4*a - 7*c + 3*c. What is the highest common divisor of a and 15?
15
Suppose 0 = 2*l + l + o - 61, 83 = 4*l + o. What is the highest common divisor of l and 11?
11
Let r = -58 - -107. Let b = 17 - 10. What is the greatest common divisor of b and r?
7
Suppose 0*h = -4*h + 16. Suppose -h*j = j - 15. Suppose -3*q = -z - 20, -36 = -3*q + j*z - 6*z. What is the greatest common factor of q and 2?
2
Suppose 307 = 5*c - 173. Let g be 1/(-1*1/(-12)). Calculate the highest common factor of c and g.
12
Suppose 38 = -3*p + 4*p + 2*i, -5*p + i = -190. Let y be 2/4 - (-92)/8. Suppose -y - 7 = -z. Calculate the highest common divisor of p and z.
19
Let o = 10 - -10. Let h(v) = -2*v**2 - 7*v + 10. Let a be h(-7). Let l = a + 69. Calculate the highest common factor of l and o.
10
Let b(r) = r**3 + 9*r**2 - r + 5. Let t be b(-7). Let s be ((-22)/(-4))/(3/6). What is the greatest common factor of s and t?
11
Suppose 631 = 3*v - 4*y, 4*v - 5*y = 3*v + 214. Calculate the highest common divisor of v and 19.
19
Suppose 0 = 5*a - 4*t + t - 57, 2*a - 5*t = 38. Suppose 2*j = 6*j + 5*y - 262, 2*j - 5*y = 116. What is the greatest common factor of j and a?
9
Suppose 43 = 4*t + 3*w + 12, 4*t + 9 = 5*w. Let u = -14 - -42. Calculate the highest common factor of t and u.
4
Let f be 6 + -4 - (-3 - 0). Let v = 1 + f. Suppose -3*u = -6 - 48. Calculate the highest common factor of v and u.
6
Let u = 14 - -88. Calculate the highest common divisor of u and 153.
51
Suppose 5*c + 3*y = 26, 4*c = 3*y + 9 + 1. Let i = c - 4. Suppose 4*u - 8 - 12 = i. Calculate the highest common factor of 2 and u.
1
Suppose 0 = -5*t + g - 20, -g = g + 10. Let p = t - -7. Suppose p*x - x - 4*o - 96 = 0, -9 = -3*o. What is the greatest common divisor of x and 12?
12
Let b(n) = n**2 - 7*n - 23. Let k be b(-6). Let c be 0 + -1*1 + 12. What is the greatest common factor of k and c?
11
Let r be ((-8)/(-6))/4*-9. Let k be 15 + -8*r/(-6). What is the highest common divisor of 11 and k?
11
Let p be 16/4 + -6 + 3. Calculate the greatest common factor of p and 11.
1
Let p(x) = -20*x**2 + 1. Let y be p(1). Let f be y/(-4) + 2/8. Suppose f*z - 62 + 12 = 0. Calculate the greatest common divisor of 80 and z.
10
Suppose -3 + 23 = 5*b. Calculate the highest common divisor of 32 and b.
4
Suppose 0*n - 1296 = -3*n. Calculate the greatest common divisor of 48 and n.
48
Let w(a) = 107*a**2 - a. Let p be w(-1). Suppose 0*b + 5*l - p = -4*b, -5*b + 5*l = -180. What is the greatest common divisor of b and 4?
4
Let n(j) = -j + 32. Let d be n(0). Let i(l) = 3*l - 7. Let t be i(5). What is the highest common factor of d and t?
8
Let z(x) = -x**3 - 2 - 2*x + x**3 - x**3 - x - 7*x**2. Let n be z(-3). Let u = n - -172. What is the greatest common divisor of u and 13?
13
Let o(g) = 2*g - 3*g**3 - 12 + 0*g**3 + 6 - 3*g**2. Let x be o(-3). What is the greatest common divisor of x and 14?
14
Suppose 5*f - 88 = 7. What is the highest common divisor of 171 and f?
19
Let c = -4 - -7. Suppose q - c - 2 = 0. Calculate the greatest common factor of q and 20.
5
Suppose 3*z = -5*j - 20, 5*z + 0*z - 4 = j. Let q be (z - 2)/((-2)/7). Calculate the greatest common divisor of 7 and q.
7
Let f = 18 - 3. Calculate the greatest common divisor of f and 165.
15
Let w(h) = h**3 - h**2 + 2*h + 16. Let p be w(0). Calculate the highest common divisor of 24 and p.
8
Let o = 3 - -21. Suppose 4*d = -d + 30. What is the greatest common divisor of d and o?
6
Let w be 18 + (-1 - 16/(-4)). Calculate the highest common divisor of 168 and w.
21
Let a be 106 + (-3 - (2 + -3)). Suppose 2*c - 7*c + 2*h = -a, 0 = -c - 4*h + 34. What is the highest common factor of 176 and c?
22
Suppose f = 3*f - 4. Let u be (1 - 2)/(-1) + f. Suppose -39 = -4*d - 5*h, -u*d + 2*h = 2*d - 24. Calculate the greatest common factor of d and 18.
6
Let o = -64 + 84. Calculate the highest common divisor of 5 and o.
5
Suppose -2*u + 59 = -5*v, -u + v = -4 - 18. What is the greatest common divisor of 17 and u?
17
Suppose -5*q + 27 - 2 = 0. Let t = 59 + -24. What is the greatest common factor of q and t?
5
Let u = 53 + -20. What is the highest common factor of 231 and u?
33
Suppose v + 5*y - 30 = 0, 0 = -4*v - 0*v - 4*y + 56. Calculate the greatest common divisor of 40 and v.
10
Let p(k) = 8*k - 23. Let v be p(4). What is the highest common factor of v and 63?
9
Suppose 5*p = 5*w - 25, -2*p = 2*w - 4 + 6. Suppose 5*b + 4*z - 186 = -2, w*b + 5*z - 60 = 0. What is the highest common factor of b and 4?
4
Suppose -2*f - 40 = -3*f. Let g be (4/(-10))/((-2)/f). What is the greatest common factor of 8 and g?
8
Let v(a) be the first derivative of a**2/2 + 7*a + 1. Let u be v(5). Calculate the highest common divisor of 30 and u.
6
Let y be 12 - (2/3 - (-8)/24). Calculate the highest common factor of y and 11.
11
Let q(k) = k**2 - 3*k - 5. Let w be q(5). Let a(h) = -h + h + w*h. Let v be a(2). What is the highest common divisor of v and 30?
10
Let i be -10*(-7 + 4 - -2). Calculate the greatest common factor of i and 50.
10
Suppose 0 = -2*n - 2, 2*c - n - 39 = -6*n. Suppose -o - o = -c. What is the highest common factor of 33 and o?
11
Suppose -5*l = -4*a + 16, 5*l + 8 = -2*a + 4*a. Suppose v - 214 + 27 = l. Calculate the greatest common factor of v and 17.
17
Suppose -3*c = -10 - 5. Suppose c*n - n = 180. What is the highest common divisor of n and 30?
15
Let r be 166/18 + 2/(-9). What is the greatest common divisor of r and 36?
9
Suppose 5*h = 9 + 216. What is the highest common divisor of 30 and h?
15
Let c be 5/(-1*(-1)/55 - 0). Calculate the highest common divisor of c and 25.
25
Let t(a) = -17*a**3 + a**2 + 2*a + 1. Let c be t(-1). Let w = 26 - c. What is the highest common divisor of w and 9?
9
Suppose 193 = 3*u + 5*n, 0 = 4*u + 4*n + 62 - 322. Calculate the highest common divisor of u and 44.
22
Let a = 85 + -66. Calculate the highest common divisor of a and 190.
19
Let z(k) = 3*k - 38. Let m be z(18). What is the greatest common divisor of 176 and m?
16
Let q(f) = f**2 - 14*f + 21. Let x be q(17). What is the highest common divisor of x and 8?
8
Let u(o) = 232*o**2 - o + 1. Let t(z) = -z**2 - 12*z - 10. Let f be t(-11). Let c be u(f). Suppose 4*j + 8 = c. Calculate the highest common factor of j and 8.
8
Let p = 111 - 51. 